 the third derivative of -1/6*v**3 + 1/8*v**t - v**2 + 0*v + 0. Give b(1).
2
Let t(w) = w + 16. Let m be t(-14). Let s(k) be the first derivative of 1/3*k**3 - 2*k - k**m + 3. Determine s(-2).
6
Suppose -15 = 2*j + 3*n, 0*n = -4*j + 4*n + 20. Let i(u) be the second derivative of 3*u + 0 + j*u**2 + 0*u**3 - 1/12*u**4. Calculate i(-2).
-4
Let i(h) = h**3 - 4*h**3 - h + h**2 + 5*h**3. Suppose -2*z - 12 - 11 = 5*o, 2*z = 5*o - 13. Let q be 1*3/z*-3. Determine i(q).
2
Let o(u) = -2*u**3 + u**2. Suppose -3*p - 27 = -3*j, -2*p = -5*j - p + 29. Let z = 5 - j. Let l = z - -1. Give o(l).
-1
Let l(f) = -f**3 - 2*f**2 - f + 8. Let v(c) = -2*c**3 - 5*c**2 - c + 15. Let q(z) = -5*l(z) + 3*v(z). Suppose 2*p + 2*p = n - 18, 2*n = -4. Determine q(p).
-5
Let i(f) = -f - 3. Let d be i(-2). Let c be (0/1)/(d + -1). Let t(x) = x**2 + x - 3. Calculate t(c).
-3
Let d(p) be the third derivative of p**5/60 + 5*p**4/24 + p**3 - p**2. What is d(-4)?
2
Let v(b) = -4*b + 5 - 5*b - 14 - 8*b**2 + 7*b**2. What is v(-7)?
5
Suppose 8*n = 5*n + 24. Let t(i) = i**3 - 8*i**2 + i - 1. Give t(n).
7
Let t(y) = y**3 - y**2 - 2*y - 1. Let d(k) = -k**3 + 2*k**2 + 2*k + 1. Let p be d(3). Let j = p - -1. Give t(j).
-1
Let v(d) = -d**2 - 4*d + 6. Suppose 0 = -0*g - 3*g + 9. Suppose 0 = c - x, -c - 15 = -g*c + 5*x. Calculate v(c).
1
Let d(k) = k**2 + 13*k + 4. Let r be d(-12). Let z be (-4)/r*-2 - -3. Let w(g) = 2*g - 1. Calculate w(z).
3
Let k(n) be the second derivative of -n**3/3 - 2*n**2 - 3*n. Suppose -2*r = i + 4*i + 21, -r - 5*i = 23. Suppose -3*l - 11 = -r. Determine k(l).
2
Let q be (0/(-1))/(2/1). Let f(w) = -6*w + 2. Let y be f(1). Let c = q - y. Let i(t) = t**2 - t - 5. What is i(c)?
7
Let w(z) = 9*z - 2. Let l(f) = -5*f + 1. Let k(c) = -10*l(c) - 6*w(c). Give k(4).
-14
Let r(n) = n**2 - 4*n - 5. Let c(y) = -y**3 - 8*y**2 - 4*y - 10. Let f be c(-8). Let i = -18 + f. What is r(i)?
-5
Let l(q) be the second derivative of 1/2*q**2 + 0 - 1/3*q**3 - 4*q. Give l(1).
-1
Let a(m) = 3*m + 8. Let w(p) = 4*p + 9. Let j(l) = 5*a(l) - 4*w(l). Calculate j(2).
2
Let b(x) = x + 7. Let s(z) be the second derivative of -z**5/20 - 7*z**4/12 - 5*z**3/6 - 4*z. Let p be s(-6). Give b(p).
1
Let q(m) be the second derivative of -m**3/6 + 2*m**2 + 7*m. What is q(2)?
2
Let j(c) = c. Let g be j(3). Let r(q) = -q**3 + g*q**2 + 7*q + 1 - 2*q + q**2. Let s = -83 + 88. Calculate r(s).
1
Let k(u) = u + 8. Suppose -8*q = -12*q - 28. Give k(q).
1
Suppose 8 - 52 = -4*v. Suppose -2*l - v = -3. Let f(j) = 2*j - 6*j + 2 + 5*j. Determine f(l).
-2
Let h(i) = -3 + i**2 - 76*i + 76*i. Determine h(4).
13
Let d = -25 + 27. Let y(m) = m**3 + 5*m**2 - 8*m**2 + 0*m**d - 4*m. Calculate y(4).
0
Let r(s) = s**3 - 4*s**2 - s + 2. Let w be (0 - 1)*2*-1. Let j be -4 - -4 - -1*w. Let t be (-60)/(-14) + j/(-7). Determine r(t).
-2
Let l(b) = -b**3 + b**2 + b. Let v(u) = -2*u**3 + 5*u**2 + 7*u + 3. Let p(o) = -3*l(o) + v(o). What is p(-2)?
-5
Let o(z) be the third derivative of -z**3 + 3*z**2 + 0 + 0*z + 1/12*z**4. Suppose 0 = 2*w - 3*w + 5*a + 1, 2*w = -a + 13. What is o(w)?
6
Let u(w) = 2*w. Let h be u(3). Let b be (12/9)/(4/h). Let m(n) = -8*n - 9. Let o(t) = -2*t - 2. Let f(g) = -6*m(g) + 26*o(g). What is f(b)?
-6
Let z be ((-22)/4 - 1)*-2. Let c = -18 + z. Let s(q) = 7*q + q**2 - q**2 + 3 + q**2. Determine s(c).
-7
Let w(p) be the third derivative of 0 + 1/60*p**5 + 1/2*p**3 + 0*p + 1/4*p**4 - 9*p**2. What is w(-4)?
-5
Let x(r) = 4*r + 1. Let q(o) = -o. Let f(h) = 5*q(h) + x(h). Calculate f(-6).
7
Let x(r) = r + 10. Let c(f) = f + 11. Let m be c(-10). Let o be (-1 + m)*8/(-16). Calculate x(o).
10
Let p(i) be the second derivative of i**5/20 - 5*i**4/12 - 2*i**3/3 - 7*i**2/2 + 3*i. Let r be (-4)/8*-4 + 4. What is p(r)?
5
Let j(y) = y**2 - 2*y - 1. Let w be -25*(-1)/(-5)*-4. Let x = 23 - w. Give j(x).
2
Let f(w) = -38*w + w**2 - 53*w + 12 + 100*w. Calculate f(-9).
12
Let h(q) = -q**3 - 3*q**2 + q - 5. Let u be h(-4). Let k = 3 - u. Let r(d) = 2*d + 6. Give r(k).
-2
Suppose 0 = -2*k - 3 + 19. Let h be k/(-10)*(-20)/8. Suppose -h*p + p - 3 = 0. Let f(v) = 3*v + 2. Give f(p).
-7
Let g(l) be the third derivative of -l**6/360 + 7*l**5/120 - l**4/4 - 5*l**3/3 + 5*l**2. Let u(t) be the first derivative of g(t). Determine u(6).
0
Let p be (-6)/12*(-1 + 3). Let d(r) = -r - 1. Calculate d(p).
0
Let k(b) = 8*b + 2*b**3 - 3*b**3 + b**2 + 3*b**2 - 4. Let j be ((-5)/(-10))/(3/30). Calculate k(j).
11
Let p = 7 - 0. Let u = p - 2. Let d(a) be the first derivative of a**2/2 - 6*a + 1. What is d(u)?
-1
Let g(m) = m**3 - 4*m**2 - 3*m - 2. Let j = -5 + 4. Let k = 6 + j. Give g(k).
8
Let d(k) = k**3 - 3*k**2 - 4*k + 2. Let t = -59 - -63. Calculate d(t).
2
Let b(p) = p**3 + 4*p**2 + p + 1. Let w = -11 + 25. Suppose -5*o = 2*n - 4, -3*n + 5*o - w - 5 = 0. Calculate b(n).
7
Let y(a) = 2*a**2 - 5*a + 2. Suppose -5*k - x = 0, 3*x - 28 = 4*k - 9. Let f = k - -4. Give y(f).
5
Suppose -5*i - 30 = -5*z, 2*i = -3*z - 3*i + 26. Let v be (12/(-8))/(3/(-8)). Let j = v - z. Let a(q) = q**3 + 3*q**2 - 2*q. Give a(j).
6
Let r(q) = -q - 3 + 4 + 3*q - 5. Suppose 0 = -5*m - 5*l + 35, 4*m + 6*l - 24 = 4*l. What is r(m)?
6
Let o(x) be the second derivative of x**5/20 + x**4/2 - 2*x**3/3 - 9*x**2/2 + 31*x. Determine o(-6).
15
Let r be (14/(-42))/((-1)/3). Let d(z) = 2*z**2 - 2*z + 2. Let h be d(r). Let l(t) = -t**2 + 1. Determine l(h).
-3
Let b(n) = 7*n + 8. Let m(p) = -10*p - 11. Let u(k) = 7*b(k) + 5*m(k). What is u(-4)?
5
Let d(a) = 15*a + 45. Let r(w) = -3*w - 9. Let b(m) = 2*d(m) + 11*r(m). Give b(-6).
9
Let q(a) = a**2 - a - 4. Let k be q(3). Let o(y) = 7*y**3 - 11*y + 1. Let u(j) = 10*j**3 - 16*j + 2. Let c(x) = 7*o(x) - 5*u(x). Give c(k).
-5
Let i = 12 + -8. Let o(t) = 2*t - i + 0*t + t - 2*t. Calculate o(4).
0
Let z(c) be the third derivative of c**9/30240 - c**8/20160 + c**6/720 + c**5/30 + 3*c**2. Let x(r) be the third derivative of z(r). Give x(-1).
-2
Let z(r) = 10*r**3 - 2*r - 1. Suppose n + n = 10. Suppose 0 = 4*u + n + 27. Let m be 6/u + (-1)/4. Calculate z(m).
-9
Suppose -3*q + 64 - 13 = 4*g, -g + 2*q = 1. Let n(x) = 5*x**2 + x + 4. Let o(f) = -f**2 - 1. Let l(j) = g*o(j) + 2*n(j). What is l(1)?
2
Let o(p) = 4*p + 1. Let b be (3 - -1)*2/(-4). Let u be (2 - -9)*(-2)/b. Suppose -u - 12 = 2*t + 5*s, -s - 9 = -4*t. What is o(t)?
5
Let p(t) be the third derivative of t**4/24 + t**3/3 - t**2. Suppose 36*d - 31*d + 10 = 0. Calculate p(d).
0
Let f(g) = -g**2 - g. Let j(n) = 7*n**2 - 3*n. Let i(r) = -4*f(r) + j(r). Let y be (-5 - 0) + 2 - -4. Calculate i(y).
12
Let g(r) = r + 5. Let o = 5 + -14. Let w be o/1*(-2)/(-3). Give g(w).
-1
Let n(y) = y**2 - 3*y + 4. Suppose 2*t = 3*x - 2, -5*x + 22 = 3*t - 13. Determine n(x).
8
Let c = 12 + -12. Let k(p) = -p**2 + p + 6. Calculate k(c).
6
Let p(d) = -d**3 + 7*d**2 - 7*d - 2. Let j(w) = w**2 - 9*w + 6. Let y be j(6). Let a = y - -18. Calculate p(a).
-8
Let a(m) be the second derivative of 0*m**3 + 1/2*m**2 + 7*m + 1/20*m**5 + 0 - 1/4*m**4. Suppose -18 = -4*h - 6. What is a(h)?
1
Let k(h) be the first derivative of h**3/3 - h**2/2 - 2*h - 1. Let q = 3 - -4. Suppose -3*c = -2*x - q*c - 4, x - 4*c = 10. Give k(x).
0
Let u(z) = z**2 - 20*z + 17. Let a be u(19). Let f(r) = -r + 1. Let y be f(-1). Let k(j) = 2*j**3 - y*j**2 + j + 0*j**3 - 4*j**3. Calculate k(a).
6
Let f(b) = 6*b**2 + 8*b + 8. Let g = 4 + -10. Let z(w) = -7*w**2 + 0*w**2 - 3 - 6 - 9*w. Let m(c) = g*f(c) - 5*z(c). Give m(-3).
-3
Suppose 6*b - 20 = b. Let h(o) = o - o**3 + o**2 + b*o**2 + 2*o - 6. What is h(5)?
9
Let j(n) = -3*n + 1. Suppose -3*o + 0*o + p = 13, -p + 9 = -2*o. Determine j(o).
13
Let j(n) = -7*n - 1. Let y be 6 + (-6)/4*2. Let m be 0 + (-4 - y/(-1)). Give j(m).
6
Let p(t) = -5 + 6 - t**3 + 10*t - 9*t**2 + 1. Determine p(-10).
2
Let i(o) = -o + 2. Let k be 0 - -3 - (-1)/1. Give i(k).
-2
Let t(b) = b**3 - 2*b**2 + 1. Let h = -172 - -174. What is t(h)?
1
Suppose -2*c = 2*c - 20. Suppose -9 = c*z + 6. Let b(m) = m**3 + m**2 - 4*m. What is b(z)?
-6
Suppose -5*g + 15 = u, -3*g = 2*g + 4*u - 30. Suppose g*t + 2*t = -24. Let z = t + 8. Let w(v) = 4*v. Determine w(z).
8
Suppose -2 = -5*x - 17. Let k(w) = -w**3 + 3*w - 4. Calculate k(x).
14
Let g(k) = -k**2 - 5*k - 4. Let j(d) = -d**3 - 9*d**2 + 10*d - 5. Let r be j(-10). What is g(r)?
-4
Suppose 2 = 2*i